 first derivative of 37*x**3/3 - x - 2. Let f be z(-1). Suppose -4*p + 4 = -f. List the prime factors of p.
2, 5
Let w(t) = -4*t + 7. Let b be w(6). Let q = b + 32. List the prime factors of q.
3, 5
Let h(y) be the second derivative of y**4/12 - y**3/6 + 3*y**2/2 - 3*y. What are the prime factors of h(0)?
3
Let w be (4 + -4)*2/4. Suppose -2*x + 3*b + 9 = -w*b, -4*x = -5*b - 15. Suppose x*l - 1 = 3*l - 5*p, l - p = 1. List the prime factors of l.
3
Suppose 2*j + 5*i - 26 = -0*j, -2*i = -4*j + 100. What are the prime factors of j?
23
Let n(o) = -4*o - 15. Let m be n(-5). Suppose -m*b + 66 = -44. What are the prime factors of b?
2, 11
Let h = -26 - -62. Let l = 30 - 14. List the prime factors of (h/8)/(6/l).
2, 3
Suppose -135 = -3*q - 0*q. List the prime factors of q.
3, 5
Let i(z) = 3*z - 6. Let s(r) be the second derivative of r**4/12 + r**3/6 + r**2/2 - 2*r. Let f(g) = i(g) + s(g). What are the prime factors of f(-6)?
7
Let t be 0 + 0/(12/(-3)). Suppose y = 2 - t. List the prime factors of y.
2
Let w = -39 + 68. What are the prime factors of w?
29
List the prime factors of (-9492)/(-56) + -1*(-2)/(-4).
13
Let g = -56 - -30. Suppose 41 = -2*l + 123. Let u = g + l. What are the prime factors of u?
3, 5
Let y = 94 - -122. What are the prime factors of y?
2, 3
Let t = -7 - -13. Let y(d) = d**2 - 4*d - 8. Let z be y(t). What are the prime factors of ((-3)/z)/((-2)/24)?
3
Let h = -409 + 693. List the prime factors of h.
2, 71
Let u = 10 + -19. Suppose 10 - 129 = 7*s. Let t = u - s. List the prime factors of t.
2
Let y be (-4)/14 + 54/(-7). What are the prime factors of 4/y + 41/2?
2, 5
What are the prime factors of 3*2/(-9) + (-652)/(-6)?
2, 3
Suppose -148 + 394 = 2*o. What are the prime factors of o?
3, 41
Let n be (3*4 + -1)*-1. Let o = 11 + n. Suppose 4*t - 55 - 37 = o. List the prime factors of t.
23
Suppose -4*w = 5*l - 910, 2*l - 387 = -0*w + 3*w. List the prime factors of l.
2, 3, 31
Suppose -3 + 5 = -2*g - 4*p, -5*g = 3*p - 2. Let k be -1 + g + (10 - 3). Let f = k + 6. List the prime factors of f.
13
Let r(b) = -b - 5. Let p be r(-5). Suppose 5*g - z + 6*z - 30 = 0, p = -4*g - z + 15. Suppose -1 = f - g. List the prime factors of f.
2
Let p(c) = 2*c**2 + 1 + 3 + 3*c + 0*c**2 - 11*c. List the prime factors of p(5).
2, 7
Suppose -4*x - 302 = -3*c + x, 512 = 5*c - 4*x. What are the prime factors of c?
2, 13
Suppose -4*a + 128 - 32 = 0. List the prime factors of (3/(-4))/((-2)/a).
3
Suppose k + 2*m = 14 - 0, -4*k + 4*m = -8. Suppose k*g = g. Suppose 4*a - 21 - 35 = g. List the prime factors of a.
2, 7
Let x(d) = -d**3 + 5*d**2 - 6*d + 5. Let v be x(4). Let t = 8 + v. What are the prime factors of t?
5
Let p(n) = -2*n + 23. List the prime factors of p(-10).
43
Let s(f) = -3*f + 11. List the prime factors of s(-12).
47
Let s be 2/8 - (-107)/4. Suppose -s + 2 = -b. Suppose -b = -4*g + 19. List the prime factors of g.
11
What are the prime factors of 49 - (12/(-4) + 1)?
3, 17
What are the prime factors of (-25210)/(-90) + (-2)/18?
2, 5, 7
Suppose 3*c - 7 + 1 = 0. List the prime factors of (2 - 11/c)*-4.
2, 7
Suppose 0 = -4*a + 3*u + 1023, 5*a - 8*a + 760 = 5*u. What are the prime factors of a?
3, 5, 17
Let r = -12 + 15. Suppose 2*p + 13 = r*p. List the prime factors of p.
13
Let l = -29 + 12. Suppose s - 3*q = 22, s = 5*s + 4*q - 136. Let b = s + l. What are the prime factors of b?
2, 7
What are the prime factors of 1/1 - (-191 + 0 - -7)?
5, 37
Let s(b) = 2 + 2*b**2 - 3*b + b**2 - 2*b**2. Let c(x) = 2*x - 5. Let f be c(5). List the prime factors of s(f).
2, 3
Let t = 7 - 4. Suppose 3*d = -3*u - 8 - 28, -t*u = 2*d + 33. Let i = u + 14. List the prime factors of i.
5
Let u be 13 + 1 + -1 + -3. Suppose -5*x + 3*f = u, 4*f = 2*x - 0*x + 18. Let g = x + 9. What are the prime factors of g?
2, 5
Let p = 6 - 9. List the prime factors of -18*p/(-18)*-2.
2, 3
Let a be 1 - -3 - (-2 + 2). Let g be 66/a*(-6)/(-9). Let f = g - 7. What are the prime factors of f?
2
Suppose 2*i = -3*v - 3, -4*i - 5*v - 18 = -3*v. Let m = 4 + i. What are the prime factors of 12/(-9)*21/m?
2, 7
Let h(r) = r**2 - 3*r - 6. Let v be h(8). Let x(u) = u - 4. Let p be x(6). Suppose v = p*w - 0*w. What are the prime factors of w?
17
Suppose -6*a + 4*a + 82 = 0. What are the prime factors of a?
41
What are the prime factors of 24 - ((-14)/(-35) + 26/10)?
3, 7
Let g(w) = -w**3 + 5*w**2 - 2*w + 2. Let k be g(5). Let r = 11 + k. Suppose d = -2, r*i = 4*i - 5*d - 20. What are the prime factors of i?
2, 5
Suppose -4224 = -x - 21*x. What are the prime factors of x?
2, 3
Suppose 3*b - 70 = -16. List the prime factors of b.
2, 3
Suppose d - 6*d = -30. Let w(u) = u**3 - u**2 - 3*u - 6. Let k(c) = c**3 - 2*c**2 - 2*c - 6. Let r(j) = 5*k(j) - 4*w(j). List the prime factors of r(d).
2, 3
Let c = -31 - -82. What are the prime factors of c?
3, 17
Suppose -3*m = 2*h + 4, 0*h = -3*m + 2*h + 4. Let v = m + 0. List the prime factors of (-1)/(-1) - (-2 - v).
3
Let j(u) = u**3 - 5*u**2 - 11*u - 7. List the prime factors of j(8).
97
Suppose -5*v + 10*v = r + 237, -2 = r. What are the prime factors of v?
47
Let u(t) = 5*t**2 + 0*t + 0*t**2 - 4*t - t**3. Let g be u(3). Suppose -3*q - g*s + 21 = -3*s, -4*q + 33 = -s. List the prime factors of q.
2
Let k be -27*(2 + (-16)/6). Let p be (-1 + 0)*-1 + k. Suppose -p = -n + 4*a, 6 = 2*n + n + 5*a. What are the prime factors of n?
7
Let q = -8 + 4. Let s(t) = -t**2 - 4*t + 5. What are the prime factors of s(q)?
5
Suppose -5*g + 313 = -22. Suppose -p + 16 + 19 = n, 2*p = n + g. Let s = -19 + p. List the prime factors of s.
3, 5
Let j(b) be the third derivative of b**6/120 + b**5/15 - b**4/8 + 7*b**2. Let q = 8 + -12. What are the prime factors of j(q)?
2, 3
Let t(m) be the third derivative of m**5/60 - m**4/8 - 2*m**3/3 - m**2. Suppose -l + 2*k = -2*k + 3, 4*l - k - 18 = 0. What are the prime factors of t(l)?
2, 3
Let c(t) = t**3 + 11*t**2 + 6*t - 14. What are the prime factors of c(-10)?
2, 13
Let v = -105 - -97. Let z be (-1)/(-3) + 26/(-6). Let j = z - v. What are the prime factors of j?
2
Suppose 3*j - 5*j = -104. Suppose -4*s + 68 = 2*d, -d + 16 + j = 4*s. What are the prime factors of s?
17
Let f(w) = 12*w + 2*w - 1 - 7*w + 7*w. What are the prime factors of f(2)?
3
Suppose -o - 2*b + 26 = 0, -5*o - 4*b + 59 = -59. Suppose 7*l - 190 = -o. List the prime factors of l.
2, 3
What are the prime factors of 20 + 1 + (-1 - -4)?
2, 3
Let o(b) = -b**3 - 4*b**2 - 5*b - 2. Let m be o(-3). Suppose -j = -2*j + 3, m*c - 3*j = 31. What are the prime factors of c?
2, 5
Let h(z) = 6*z + 5. Let d be h(-5). Let j = -14 - d. What are the prime factors of j?
11
Let s(y) = 30*y**3 - 9*y**2 + 5*y + 2. Let h(c) = 45*c**3 - 13*c**2 + 7*c + 3. Let v(r) = -5*h(r) + 7*s(r). List the prime factors of v(-1).
2
Let x = 2 - -1. Suppose 2*q = 10, -2*y + x*q = 5*q - 10. List the prime factors of ((-2)/(-2) - y)*2.
2
List the prime factors of (-550)/(-44)*(-1 - (-27)/5).
5, 11
Suppose -4*y + 5 = -g, -g - 5*y + 55 = g. What are the prime factors of g?
3, 5
Suppose -3*n = -4*n + 40. Let r(f) = f + 2. Let b be r(2). Suppose -2*i - n = -b*i. List the prime factors of i.
2, 5
Let b(l) = -2*l**3 - 4*l**2 + 4*l + 2. What are the prime factors of b(-4)?
2, 5
Let p = 1 - -2. Suppose -p*a + 1 = -5. List the prime factors of a - 1 - 0 - -1.
2
Let z(f) = 9*f**3 - f. Let k be 0 + 1/(2 - 1). What are the prime factors of z(k)?
2
Let x = 178 - 96. List the prime factors of x.
2, 41
Let p = -41 - -67. What are the prime factors of p?
2, 13
What are the prime factors of (-10)/(-1)*(-510)/(-50)?
2, 3, 17
Suppose -g + 5*g + 2*h = 62, 5*g - 79 = -3*h. Suppose x - 6*t = -2*t + 5, t = x - g. What are the prime factors of x?
17
Let d = -8 - -6. Let r = 5 + d. Suppose 20 = 2*s + 4*t, 0*s + r*s - 4*t = 10. What are the prime factors of s?
2, 3
Let a = 13 - 9. Suppose a*m - 92 = 40. Let o = -18 + m. List the prime factors of o.
3, 5
Let u(x) = x**3 - 7*x**2. Let r be u(7). Let v = r + 0. Suppose -4*t + v*t = -32. What are the prime factors of t?
2
Suppose -4*u = -0*u - 3*a - 87, 3*u = -4*a + 34. Suppose -l = -2*l + u. List the prime factors of l.
2, 3
Let m = 31 - 17. Suppose m + 25 = x. Suppose x = 2*i + i. What are the prime factors of i?
13
Let l = 484 + -236. List the prime factors of l.
2, 31
Suppose 3*k = -23 + 2. L